= 14, 3*n - 2*p - 18 = -5*p. Suppose 4*b = -n*b + 48. Calculate the highest common factor of 72 and b.
8
Let o(b) = -244*b + 45. Let a be o(-3). Calculate the highest common divisor of a and 63.
21
Let k(j) = j**2 + 7*j. Let n be k(-12). Suppose -d = 3*p - 136, 0 = -p - 14*d + 10*d + n. Calculate the greatest common divisor of 11 and p.
11
Suppose -2*i + 95 = 3*i. Let k = 25 - i. Let b be (k/4)/(3/126). Calculate the greatest common divisor of b and 9.
9
Suppose -21 = -q + 4*g, -3*g + 24 = 5*q - 12. Let c = 23 + -18. Let o be 84/9 - c/15. What is the greatest common divisor of q and o?
9
Let g be 11/((-77)/(-4)) + 2456/14. Calculate the highest common divisor of g and 440.
88
Let z(l) = 4*l**3 - 2*l**2 - 5*l + 5. Let g be z(3). Suppose 4*f + 0*a - 3*a = 64, 0 = -5*f - 3*a + g. What is the greatest common divisor of 2 and f?
2
Let i(b) = -485*b - 959. Let o be i(-2). Suppose 3*x + 137 = 434. Calculate the greatest common divisor of x and o.
11
Suppose -5*h - 3782 = -3*r, 5*h = -2*r + 3257 - 769. Calculate the highest common factor of r and 114.
114
Let k be 0 + 1/((-4)/(-80)). Let d(m) = 2*m**2 + 6*m - 8. Let u = -27 + 18. Let j be d(u). What is the highest common factor of j and k?
20
Let j(w) = 2*w - 13. Let a be j(9). Let c be 28/a*(-10)/(-4). Suppose 0 = 3*f - c - 10. What is the greatest common divisor of 4 and f?
4
Suppose a = -19 + 44. Let v(q) = 8*q + 2. Let z be v(1). Calculate the highest common factor of a and z.
5
Let h be -9*5*(-8)/6. Suppose 41 = 3*c - 103. Suppose -26*m = -22*m - c. What is the greatest common factor of m and h?
12
Let s = 4470 + -4463. Let u(n) = 20*n - 3. Let r be u(4). What is the greatest common factor of r and s?
7
Suppose -u - u = 2*j - 34, -4*j + 47 = -3*u. Let a be ((-12)/j)/(11/(-231)). Suppose a = -0*n + n. What is the highest common factor of n and 2?
2
Let f(t) = -17*t + 410. Let b be f(10). Calculate the greatest common factor of b and 150.
30
Suppose -3*v + 8 = -f - 0*v, -2*v = f - 7. Suppose -f = 4*t - 9. Suppose -81 = -5*l - t*k, 8 = l - k - 11. Calculate the highest common factor of 153 and l.
17
Let r be -5*(0 + -2*1). Let n = 36 + -22. Suppose -2*i - 3*x - n = -3*i, 3*x = 2*i - 34. Calculate the greatest common factor of r and i.
10
Suppose -3*u + 78 = 12. Let l = -39 + u. Let d = l + 30. What is the highest common divisor of 39 and d?
13
Let w be 1/4*-95*-4. Suppose 0 = -p - 4*m + 45, 0 = -3*p - 3*m + w - 5. Let l be 36/1*300/48. What is the highest common factor of l and p?
25
Let y be 1 + (-2 + 0 - -6). Suppose -7*q + y*q = -3*c + 22, -4*c + 36 = -q. Calculate the highest common factor of 25 and c.
5
Let m = -22 + 40. Let n be (27/(-7)*2)/(3/(-63)). What is the greatest common factor of m and n?
18
Let l be (-12)/9 - -2 - (-2037)/63. What is the greatest common factor of l and 11?
11
Let i(s) = s**2 + 11*s - 6. Let o be i(3). Calculate the highest common factor of 27 and o.
9
Suppose -x - 25 = -4*b, -b - 4*x = -0*x - 19. What is the greatest common divisor of b and 21?
7
Let l = 4 - 34. Let v be (-12)/(-4)*3/((-27)/l). What is the highest common factor of 20 and v?
10
Suppose 0 = h + 2 - 4. Let n be -3*h*26/(-13). What is the highest common divisor of n and 30?
6
Let u = -138 + 284. Let g = -121 + u. Calculate the greatest common divisor of g and 10.
5
Suppose -6*f = -4*f - 2. Let s be 0 + (f - (2 + -19)). What is the highest common factor of 30 and s?
6
Let q(o) = -28*o - 72. Let g be q(-4). Calculate the greatest common factor of g and 320.
40
Let v be -1*5*(2 + -3). Let s be (-2 + v)/((-6)/(-46)). What is the greatest common factor of s and 138?
23
Let d(z) = 160*z + 131. Let q be d(19). What is the highest common factor of q and 21?
21
Suppose -k - 3*w - w = 7, -w - 6 = -4*k. Suppose 4*t = i + 35, -2*i + 18 = 3*t - 0*t. What is the highest common factor of t and k?
1
Let x(w) = -w - 54. Let u be x(-18). Let l = u + 40. Calculate the highest common divisor of 44 and l.
4
Let i be (-18)/(-90) + (-1998)/(-10). What is the highest common divisor of i and 80?
40
Let b(k) = k**3 - k**2 - 11*k + 9. Let a be b(4). Let u = -7 + a. What is the greatest common factor of 66 and u?
6
Let x(r) = -r**3 + 8 + 9*r + 1 + 6*r**2 - r**2 + 4. Let l be x(6). What is the greatest common divisor of l and 62?
31
Suppose f + 1 = 2*a, 0 = 3*f - 2*f + 2*a - 7. Suppose 2*q - 5*m = 86, -5*q + 169 = 2*m - f*m. What is the greatest common factor of q and 6?
3
Let i be (2 - 5 - 0) + 21 + 0. Let h be -2 + 7/((-7)/(-60)). Suppose t - h = -i. What is the greatest common factor of t and 10?
10
Let h(y) = 5*y**3 + y**2 - y - 1. Let p be h(-1). Let j = p + 18. Suppose -5*m + g = -0*m - 71, 3*g = 4*m - 59. What is the greatest common divisor of j and m?
14
Suppose -t = 2*v, -t - 5 = 3*t + 3*v. Let s be 2*((2 - -1) + -2). Let u be (t/(-4))/(s/8). What is the greatest common divisor of u and 10?
2
Let v be 3100/130 + 2/13. Calculate the greatest common divisor of v and 12.
12
Let t(l) = -10 + 4 - 27*l + 28*l. Let p be t(4). Let d be p/(-16) + 4600/64. What is the highest common divisor of 36 and d?
36
Let i(q) = q**2 - 2*q - 25. Let u be i(7). Calculate the highest common divisor of u and 32.
2
Let x(b) = -3*b**2 + 27*b - 11. Let w be x(8). Suppose -56 - w = -4*i - 5*g, 5*i = 2*g + 111. What is the greatest common divisor of i and 63?
21
Let r be (-36)/1*(24/(-18) + 0). Let y(c) = -33*c**3 - 2*c**2 - c. Let l be y(-1). What is the greatest common factor of l and r?
16
Let f be 2 - 0 - (0 - 108). Let n be (-18)/(-12) + 2/(-4)*-3. Suppose 0 = d - 4, n*d - 2*d + 84 = 2*u. What is the greatest common divisor of f and u?
22
Suppose -25 = 5*u + v, v + 0 = -3*u - 15. Let l = u + 68. Calculate the highest common divisor of 9 and l.
9
Suppose 5*h = 2*k + 3152, -7*h - 4*k + 626 = -6*h. What is the highest common factor of h and 14?
14
Let z = 0 - -5. Suppose -15 = -z*h, 46 = 2*r - h + 5*h. Suppose -13*p + 136 = -85. What is the greatest common factor of r and p?
17
Let l = -94 - -89. Let d(i) = 2*i**2 + 6*i + 36. Let z be d(l). Let b = 17 - 10. What is the greatest common divisor of b and z?
7
Let u be (-2)/4*12*-1. Suppose u = -s + 66. Let z be (-90)/(-4) - (-18)/12. What is the greatest common divisor of z and s?
12
Suppose 7*o - 983 + 108 = 0. What is the highest common factor of 1375 and o?
125
Suppose 47*u + 996 - 7059 = 0. What is the highest common divisor of 1677 and u?
129
Suppose 5*a - 2*a - 162 = 0. Suppose -u + f + 1 = 0, 3*u - 5*u - 3*f + 27 = 0. Calculate the greatest common divisor of u and a.
6
Let f be (-11)/(-3) + 10/(-15). Suppose -4*q = t + t - 114, 3*t - f = 0. Calculate the greatest common factor of 7 and q.
7
Let j(v) = 56*v**2 + 2*v - 2. Let b be j(1). Suppose -4*g + g + 91 = -5*h, h = 2*g - b. Let y = g - -98. What is the greatest common divisor of 25 and y?
25
Let v be (2*2/6)/((-6)/(-27)). Suppose n + 2*s - 72 = 5*s, 0 = -v*n + 3*s + 192. Let u = 56 + -26. What is the greatest common divisor of u and n?
30
Suppose 7*n - 4*n + 4*f - 22 = 0, 5*n - 2*f = 28. Calculate the greatest common divisor of n and 5.
1
Suppose 0 = 3*h - h - 54. Let x = h + -11. Let g = -44 - -84. What is the greatest common divisor of x and g?
8
Let o = 10 + -18. Let r(n) = 7*n + n**3 - 4*n + 4*n**2 + 5*n**2 + 3 + 2. Let w be r(o). What is the highest common divisor of w and 9?
9
Let z = -2 + -6. Let l = z + 8. Suppose j + l*j - 24 = 0. What is the greatest common factor of j and 60?
12
Let o(s) = -3*s - 52. Suppose 0 = 12*z - 11*z + 24. Let f be o(z). Calculate the highest common factor of 50 and f.
10
Let g(a) = -34*a. Let h be g(1). Let c = -31 - h. Suppose 3*q - 132 = -c*q. What is the highest common factor of q and 2?
2
Let s = -791 - -1057. Calculate the greatest common factor of s and 114.
38
Suppose -25*v + 603 + 372 = 0. Calculate the highest common divisor of v and 546.
39
Let h = 140 - 131. What is the highest common divisor of h and 36?
9
Let l(o) = o**3 - 8*o**2 - 3. Let i be l(8). Let d be i/(-6) + 645/10. What is the greatest common factor of 26 and d?
13
Let u(q) = -2*q**3 - 8*q**2 - 5*q - 12. Let g be u(-6). Let f = 333 + -315. Calculate the greatest common factor of g and f.
18
Let b(t) = 5*t**3 - 4*t**2 + 2*t. Let s be b(2). Let q be (0 - 1) + (s - 0). What is the greatest common factor of q and 243?
27
Suppose 3*s + 